{"id":786,"date":"2023-02-15T11:06:42","date_gmt":"2023-02-15T11:06:42","guid":{"rendered":"https:\/\/evaexpand.com\/?page_id=786"},"modified":"2023-02-15T11:07:07","modified_gmt":"2023-02-15T11:07:07","slug":"empresa","status":"publish","type":"page","link":"https:\/\/evaexpand.com\/index.php\/empresa\/","title":{"rendered":"Empresa"},"content":{"rendered":"<div id=\"pl-786\"  class=\"panel-layout\" ><div id=\"pg-786-0\"  class=\"panel-grid panel-no-style\" ><div id=\"pgc-786-0-0\"  class=\"panel-grid-cell\" ><div id=\"panel-786-0-0-0\" class=\"so-panel widget widget_text panel-first-child panel-last-child\" data-index=\"0\" >\t\t\t<div class=\"textwidget\"><p>EVA EXPAND S.L. es una empresa dedicada a la inyecci\u00f3n de productos en E.V.A.<\/p>\n<p>E.V.A., conocida tambi\u00e9n como: goma EVA, espuma EVA, caucho EVA, foam.<\/p>\n<p>Material con diferentes densidades, diferentes durezas, y multitud de colores.<\/p>\n<p>Fue fundada en el a\u00f1o 2.000. Pero nuestra experiencia en la inyecci\u00f3n de EVA viene desde el a\u00f1o 1989<\/p>\n<p>Nuestro campo de actividad es muy amplio, desde inyecci\u00f3n de ruedas, pasando por el calzado, ortopedia, pesca, automoci\u00f3n, protecciones personales, etc&#8230;<\/p>\n<p>Continuamos desarrollando nuevos productos para otras aplicaciones&#8230;..<\/p>\n<\/div>\n\t\t<\/div><\/div><\/div><\/div>","protected":false},"excerpt":{"rendered":"<p>EVA EXPAND S.L. es una empresa dedicada a la inyecci\u00f3n de productos en E.V.A. E.V.A., conocida tambi\u00e9n como: goma EVA, [&hellip;]<\/p>\n","protected":false},"author":1,"featured_media":0,"parent":0,"menu_order":0,"comment_status":"closed","ping_status":"closed","template":"","meta":{"om_disable_all_campaigns":false,"_monsterinsights_skip_tracking":false,"_monsterinsights_sitenote_active":false,"_monsterinsights_sitenote_note":"","_monsterinsights_sitenote_category":0,"ngg_post_thumbnail":0,"footnotes":""},"class_list":["post-786","page","type-page","status-publish","hentry"],"aioseo_notices":[],"_links":{"self":[{"href":"https:\/\/evaexpand.com\/index.php\/wp-json\/wp\/v2\/pages\/786","targetHints":{"allow":["GET"]}}],"collection":[{"href":"https:\/\/evaexpand.com\/index.php\/wp-json\/wp\/v2\/pages"}],"about":[{"href":"https:\/\/evaexpand.com\/index.php\/wp-json\/wp\/v2\/types\/page"}],"author":[{"embeddable":true,"href":"https:\/\/evaexpand.com\/index.php\/wp-json\/wp\/v2\/users\/1"}],"replies":[{"embeddable":true,"href":"https:\/\/evaexpand.com\/index.php\/wp-json\/wp\/v2\/comments?post=786"}],"version-history":[{"count":3,"href":"https:\/\/evaexpand.com\/index.php\/wp-json\/wp\/v2\/pages\/786\/revisions"}],"predecessor-version":[{"id":788,"href":"https:\/\/evaexpand.com\/index.php\/wp-json\/wp\/v2\/pages\/786\/revisions\/788"}],"wp:attachment":[{"href":"https:\/\/evaexpand.com\/index.php\/wp-json\/wp\/v2\/media?parent=786"}],"curies":[{"name":"wp","href":"https:\/\/api.w.org\/{rel}","templated":true}]}}